 0. Suppose -124 = -2*o + 4*t, -7*t + 4*t = 3*o - 177. Let l = o + p. What are the prime factors of l?
71
Let o = 252 - 248. Suppose 5*y - 2*g - 2900 = 0, -o*y - 3*g + 2675 = 332. What are the prime factors of y?
2, 3, 97
Let i(h) = -h**2 + 23*h + 5. Let c(o) = -2*o**2 - 11*o. Let t be c(-6). Let l be 45/(-2)*(-6)/(-45)*t. What are the prime factors of i(l)?
5, 19
Let y = -414 - -23. Let x = -62 - y. What are the prime factors of x?
7, 47
Let n = 470 - -2979. What are the prime factors of n?
3449
Let r(q) = -q**2 - 28*q + 292. List the prime factors of r(-27).
11, 29
Let x(v) = -v**2 + v + 22. Let c be x(0). Let o be 180/c - (-38)/(-209). Suppose 0 = 9*k - 8*k - o. What are the prime factors of k?
2
Let f(b) = 15*b**2 - 16*b - 7. Let z be f(-7). Suppose -2*o + g + z = -g, 2*g = 6. What are the prime factors of o?
3, 47
Suppose 46014 = 10*u - 61653 - 48473. List the prime factors of u.
2, 37, 211
Let o(w) = 5*w - 10. Let h be 6/36*-2 + 84/9. What are the prime factors of o(h)?
5, 7
Let d(l) = -24*l**3 - l**2 - 20*l + 41. List the prime factors of d(-7).
2, 3, 17, 41
Suppose 3*a + 2*s - 227 = 0, -110 + 41 = -a - 4*s. Suppose 0 = -5*t + 4*b + 631, -4*t - 125*b + 494 = -130*b. Let v = t - a. List the prime factors of v.
2, 3
Let r = -68 + 70. Suppose 4*v - 36 = -5*c + r*v, 0 = c + v - 6. What are the prime factors of 74/c*(2 - -6) + 2?
2, 19
List the prime factors of 652/3*3066/28.
2, 73, 163
Suppose 100220 = -99*g + 119*g. What are the prime factors of g?
5011
Let u = 8081 - -1476. What are the prime factors of u?
19, 503
Suppose -3*a - 2*c = 3542, -a = 2*c + 561 + 617. Let q = 2263 + a. What are the prime factors of q?
23, 47
List the prime factors of (-120987)/(-45)*-1*(-55)/3.
11, 4481
Let h(l) = 216*l - 626. What are the prime factors of h(36)?
2, 5, 11, 13
Let f = 25566 + -17226. Suppose 4*o - f = -8*o. List the prime factors of o.
5, 139
Let x(h) = -10*h**2 - 38*h + 49. Let y be x(-13). Let l = 2034 + y. List the prime factors of l.
887
Let m = 412 - 412. Suppose 9*i - 8505 = -m*i. List the prime factors of i.
3, 5, 7
Let v = -13979 + 19573. List the prime factors of v.
2, 2797
Suppose -2*w = -8*f + 105026, 0*f + 2*w = 4*f - 52506. What are the prime factors of f?
2, 5, 13, 101
Let k be -72 - 10/2 - -2. Let z = k + 245. List the prime factors of z.
2, 5, 17
Let w(x) = x**3 + 71*x**2 - 13*x + 1954. List the prime factors of w(-71).
3, 7, 137
Let b be 2/(-14) - 828/(-63). Suppose 17*f - b*f = -5*j + 321, -390 = -5*f + 5*j. What are the prime factors of f?
79
Suppose 12*j = 9*j + 5*i - 76, 3*j = 2*i - 70. Let r(u) be the third derivative of u**5/60 + 5*u**4/6 + 8*u**3/3 - u**2. List the prime factors of r(j).
2, 3, 5
Let v(k) = -757*k - 835. List the prime factors of v(-11).
2, 1873
Let b be 1 + -2 + (3 - 9). Let h(s) = -2*s**3 - 4*s**2 + 10*s - 4. Let u be h(b). Let i = u + -255. List the prime factors of i.
7, 23
Let u(r) = r**3 - 18*r**2 - 169*r - 123. List the prime factors of u(40).
3, 9439
Suppose -20 = 5*x, -27*p - 4006 = -32*p - x. What are the prime factors of p?
2, 401
Let f(w) = 4*w - 11. Let y be (168/(-70))/(2/(-5)). Let o be f(y). Suppose 0 = -22*i + o*i + 837. What are the prime factors of i?
3, 31
Let p = 113 + -105. Suppose -12*t + 3952 = -p*t. Suppose 0*z = 4*z - t. What are the prime factors of z?
13, 19
Let f(k) = -k**3 + 1. Let d(y) = -6*y**3 + 7*y**2 - 8*y + 12. Let m(z) = -d(z) + 5*f(z). Let x(u) = -4*u + 31. Let j be x(6). List the prime factors of m(j).
7
Let b be -191 - -1*6*8/(-8). Let v = b + 477. What are the prime factors of v?
2, 5, 7
Suppose 0 = -27*p + 67*p - 722556 - 20124. What are the prime factors of p?
3, 2063
Let i(b) = -792*b + 7. Let t(s) = -4*s - 33. Let n be t(-8). List the prime factors of i(n).
17, 47
Let s(a) = -a**3 + 2*a**2 + 2*a + 7. Let v be s(3). Suppose 1121 = 5*h - r, 25*r - v = 24*r. List the prime factors of h.
3, 5
Let h(r) be the second derivative of -r**6/120 - 11*r**5/60 + 3*r**4/4 + 10*r. Let x(a) be the third derivative of h(a). List the prime factors of x(-5).
2
List the prime factors of 42713 + 16 + -16 - -3.
2, 59, 181
Suppose r = -k - 8, 0 = 4*r + 2*k + 14 + 18. Let f be (0 - -2)/((-2)/109). What are the prime factors of (f - r)/(0 - 1)?
101
Let x(f) = 2*f - 10. Let d be x(5). Suppose 2*h - 10 = d, -2*n = -3*n + 3*h - 9. Suppose 0*z - 444 = -n*z. What are the prime factors of z?
2, 37
Let a(b) = 2*b**3 + 6*b**2 - 12*b - 11. Let f(k) = 2*k**3 + 12*k**2 - 23*k - 20. Let c(n) = 7*a(n) - 4*f(n). What are the prime factors of c(4)?
17, 19
Suppose 0 = 2*m - 25 + 17. Suppose 9*a = m*a + 30. Suppose -f = -a - 85. List the prime factors of f.
7, 13
Let x(o) be the second derivative of 14*o**4/3 + 2*o**3/3 - 3*o**2/2 + 8*o. Suppose -3*r - 8 = 4*d - 9, 0 = 2*d - 5*r + 19. List the prime factors of x(d).
3, 71
Let m = -56 - -77. Suppose -6*y = m*y - 16227. What are the prime factors of y?
601
Let w(r) = 100*r**2 + 4*r - 13. List the prime factors of w(9).
8123
Let b be (-1)/(2/36) + -3 + 1. Let w = 201 + b. Suppose -4*g = 3*t - 185, 3*t + 4*g - w = -g. List the prime factors of t.
67
Let n(s) = s**3 - 12*s**2 + 20*s - 38. Let b be n(14). Let u = 1074 - b. List the prime factors of u.
2, 5, 11
Let n be (-6*(-6)/(-24))/((-3)/10). Suppose 4*b + 121 = n*k, -5*k + 91 + 26 = -3*b. What are the prime factors of k?
3, 7
Let h(p) = 661 + 5*p - 142 + p - 5*p. What are the prime factors of h(0)?
3, 173
Let d(i) = 2*i**3 - 16*i**2 + 16*i - 12. Let s be d(7). Suppose -5*n = s*o - 2550, 0 = -4*n + 2*n - o + 1020. What are the prime factors of n?
2, 3, 5, 17
Suppose 0 = -22*a + 7*a + 278924 + 390916. What are the prime factors of a?
2, 2791
Let c(u) = 6*u - 12. Let k be c(3). Suppose -k*w + 6 = -4*w. Suppose 2*l = -0*y + w*y + 279, 2*y + 692 = 5*l. What are the prime factors of l?
2, 3, 23
Let p(n) = 1213*n**3 - 7*n**2 + 38*n - 43. What are the prime factors of p(2)?
7, 19, 73
Suppose 2*v + 2*m = 20664, -3*v + 120*m + 31002 = 117*m. What are the prime factors of v?
10333
Suppose -2*h + 29446 = 4*s, 4*s - 11*h - 29450 = -9*h. List the prime factors of s.
2, 3, 409
Suppose -81*z = -244*z + 1188107. List the prime factors of z.
37, 197
Let g be -1 - -4 - 363 - 8/(-2). Let o = 1132 + g. List the prime factors of o.
2, 97
Let y be 1*3/(9/(-21)). Let b(p) = 4*p**2 + 6*p + 13*p - 17 + 5 + 4. What are the prime factors of b(y)?
5, 11
Suppose 0 = 5*a - 64 - 81. Suppose a*n = -1021 + 26454. What are the prime factors of n?
877
Let c(x) = -3*x - 33. Let d be c(-12). Suppose 0 = -4*k - 12, 3*k + 4 = -4*l + d. Suppose 5*i = l*i + 396. List the prime factors of i.
2, 3, 11
Let a be 3/9*6 + (2 - 1). Suppose 9*l - 5244 = a*l. List the prime factors of l.
2, 19, 23
Let x(g) be the third derivative of g**6/120 + 7*g**3/6 + g**2 - g. What are the prime factors of x(6)?
223
List the prime factors of 8929/(((-22)/11)/(-2)).
8929
Suppose -169*w = -347*w + 159*w + 130074. List the prime factors of w.
2, 3, 7, 163
Let b be 1/(-3)*(-54 - 72). Suppose q + 6 = 4*v, -q - 5 - 2 = -5*v. List the prime factors of b*(q/4)/((-3)/6).
2, 3, 7
Let n be (-3 - -4 - 0)/((-2)/(-24)). List the prime factors of 4*46 + (n - 10).
2, 3, 31
Suppose -5*j + 2*o = -116923, -5*j + 1438*o - 1443*o = -116965. List the prime factors of j.
7, 13, 257
Let x = 21795 - 2947. Suppose n - x = -15*n. What are the prime factors of n?
2, 19, 31
Suppose -72570 = 1140*h - 1155*h. What are the prime factors of h?
2, 41, 59
Let t = -1224 - -605. List the prime factors of t/(-3) + 4/(-3).
5, 41
Let s be 0 - (-855)/2 - (-2)/4. Suppose -4*b + 6*b = s. Let g = -85 + b. List the prime factors of g.
3, 43
Let s(q) = 4*q**2 + 24*q - 12. Let k be s(10). Suppose -4*t = k - 2828. List the prime factors of t.
2, 5, 11
Let a = -80 - -87. Suppose -a*g + 339 + 214 = 0. What are the prime factors of g?
79
Let m(s) = 11985*s**2 - 22*s + 22. What are the prime factors of m(1)?
3, 5, 17, 47
Suppose 8*m = 1837 + 34291. List the prime factors of m.
2, 1129
Suppose 22*x - 870 - 406 = 0. Suppose 4301 = 69*n - x*n. What are the prime factors of n?
17, 23
Let m be -3 - (4 + -23 + -4). Suppose -m = -82*y + 78*y. Suppose -2*x = -l - y*x + 210, 0 = -5*l + 2*x + 1135. List the prime factors of l.
3, 5
Let n(u) = -3*u**2 + 20*u + 81. Let r be n(22). Let a = -333 - r. What are the prime factors 